{"id":51,"date":"2023-02-13T12:19:48","date_gmt":"2023-02-13T12:19:48","guid":{"rendered":"https:\/\/raumanvauhtitassut.fi\/?page_id=51"},"modified":"2023-02-28T15:22:48","modified_gmt":"2023-02-28T15:22:48","slug":"saannot","status":"publish","type":"page","link":"https:\/\/raumanvauhtitassut.fi\/?page_id=51","title":{"rendered":"S\u00e4\u00e4nn\u00f6t"},"content":{"rendered":"\n<div class=\"wp-block-cover alignfull\" style=\"min-height:457px;aspect-ratio:unset;\"><span aria-hidden=\"true\" class=\"wp-block-cover__background has-secondary-background-color has-background-dim-60 has-background-dim\"><\/span><img loading=\"lazy\" decoding=\"async\" width=\"1819\" height=\"1212\" class=\"wp-block-cover__image-background wp-image-113\" alt=\"\" src=\"https:\/\/raumanvauhtitassut.fi\/wp-content\/uploads\/2023\/02\/3H1A0621_1.jpeg\" style=\"object-position:55% 54%\" data-object-fit=\"cover\" data-object-position=\"55% 54%\" srcset=\"https:\/\/raumanvauhtitassut.fi\/wp-content\/uploads\/2023\/02\/3H1A0621_1.jpeg 1819w, https:\/\/raumanvauhtitassut.fi\/wp-content\/uploads\/2023\/02\/3H1A0621_1-300x200.jpeg 300w, https:\/\/raumanvauhtitassut.fi\/wp-content\/uploads\/2023\/02\/3H1A0621_1-1024x682.jpeg 1024w, https:\/\/raumanvauhtitassut.fi\/wp-content\/uploads\/2023\/02\/3H1A0621_1-768x512.jpeg 768w, https:\/\/raumanvauhtitassut.fi\/wp-content\/uploads\/2023\/02\/3H1A0621_1-1536x1023.jpeg 1536w\" sizes=\"auto, (max-width: 1819px) 100vw, 1819px\" \/><div class=\"wp-block-cover__inner-container is-layout-flow wp-block-cover-is-layout-flow\">\n<p class=\"has-text-align-center\" style=\"font-size:50px\">S\u00c4\u00c4NN\u00d6T<\/p>\n<\/div><\/div>\n\n\n\n<p><strong>RAUMAN VAUHTITASSUT RY &#8211; S\u00c4\u00c4NN\u00d6T<\/strong>&nbsp;<\/p>\n\n\n\n<div style=\"height:44px\" aria-hidden=\"true\" class=\"wp-block-spacer\"><\/div>\n\n\n\n<p><strong>1. \u00a7 YHDISTYKSEN NIMI JA KOTIPAIKKA<\/strong>&nbsp;<\/p>\n\n\n\n<p>Yhdistyksen nimi on Rauman VauhtiTassut ry (ep\u00e4virallinen lyhenne RATA) ja sen kotipaikka on Rauma.&nbsp;<\/p>\n\n\n\n<p>Yhdistys voi pyrki\u00e4 j\u00e4senyhdistykseksi tarkoituksensa ja toimintansa mukaisiin yhdistyksiin kuten Suomen Kennelliitto &#8211; Finska Kennelklubben r.y:hyn ja sen alaisiin yhdistyksiin tai liittoihin. Yhdistys voi tarvittaessa liitty\u00e4 my\u00f6s valtakunnallisiin urheiluj\u00e4rjest\u00f6ihin tai -liittoihin.&nbsp;<\/p>\n\n\n\n<p>Yhdistyksen kielen\u00e4 on suomi.&nbsp;<\/p>\n\n\n\n<p><strong>2. \u00a7 TARKOITUS JA TOIMINNAN LAATU<\/strong>&nbsp;<\/p>\n\n\n\n<p>Yhdistyksen tarkoituksena on kehitt\u00e4\u00e4 ja yll\u00e4pit\u00e4\u00e4 Rauman ja sen l\u00e4hikuntien alueella koiranomistajien, eritoten nuorten, keskuudessa agility-urheilua ja muuta koiraharrastus toimintaa. Yhdistys haluaa toiminnallaan edist\u00e4\u00e4 koiraurheilussa \u201dFair-play\u201d-tyyli\u00e4, v\u00e4litt\u00e4\u00e4 j\u00e4senilleen onnistumisen iloa, sek\u00e4 painottaa toisten kannustamisen t\u00e4rkeytt\u00e4 ja n\u00e4in rakentaa toveruutta sek\u00e4 yhteisty\u00f6t\u00e4 yhdistystoiminnassa.&nbsp;<\/p>\n\n\n\n<p>Tarkoituksensa toteuttamiseksi yhdistys&nbsp;&nbsp;&nbsp;&nbsp;&nbsp;&nbsp;&nbsp;&nbsp;&nbsp;&nbsp;&nbsp;&nbsp;&nbsp;&nbsp;&nbsp;&nbsp;&nbsp;<\/p>\n\n\n\n<p>&#8211;&nbsp; &nbsp; j\u00e4rjest\u00e4\u00e4 j\u00e4senilleen agility-koulutusta, sek\u00e4 muita koiraharrastuksiin liittyvi\u00e4 opetus-, valmennus-, neuvonta- ja kasvatustilaisuuksia&nbsp;<\/p>\n\n\n\n<p>&#8211;&nbsp; &nbsp; j\u00e4rjest\u00e4\u00e4 sek\u00e4 virallisia ett\u00e4 ep\u00e4virallisia agility-kilpailuja, tottelevaisuuskokeita, n\u00e4yttelyit\u00e4, n\u00e4yt\u00f6ksi\u00e4, kursseja, juhlia ja muuta vastaavaa toimintaa&nbsp;<\/p>\n\n\n\n<p>&#8211;&nbsp; &nbsp; hankkii toimintaan tarvittavia v\u00e4lineit\u00e4&nbsp;<\/p>\n\n\n\n<p>&#8211;&nbsp; &nbsp; toimii yhdess\u00e4 muiden agility\u00e4 harrastavien yhdistysten ja harrastajien kanssa sek\u00e4 yll\u00e4pit\u00e4\u00e4 yhteyksi\u00e4 muihin koirayhdistyksiin&nbsp;<\/p>\n\n\n\n<p>Toimintansa tukemiseksi yhdistys voi (hankittuaan tarvittaessa asianmukaisen luvan)&nbsp;<\/p>\n\n\n\n<p>&#8211;&nbsp; &nbsp; ottaa vastaan avustuksia, lahjoituksia ja testamentteja&nbsp;<\/p>\n\n\n\n<p>&#8211;&nbsp; &nbsp; peri\u00e4 pieni\u00e4 osallistumismaksuja j\u00e4rjest\u00e4mist\u00e4\u00e4n kilpailuista, kokeista ja n\u00e4yttelyist\u00e4&nbsp;<\/p>\n\n\n\n<p>&#8211;&nbsp; &nbsp; j\u00e4rjest\u00e4\u00e4 rahanker\u00e4yksi\u00e4 ja arpajaisia&nbsp;<\/p>\n\n\n\n<p>&#8211;&nbsp; &nbsp; omistaa toimintaansa varten tarpeellista kiinte\u00e4\u00e4 ja irtainta omaisuutta&nbsp;<\/p>\n\n\n\n<p><strong>3. \u00a7 J\u00c4SENET<\/strong>&nbsp;<\/p>\n\n\n\n<p>Yhdistyksen varsinaisiksi j\u00e4seniksi voivat liitty\u00e4 16 vuotta t\u00e4ytt\u00e4neet henkil\u00f6t, jotka hyv\u00e4ksyv\u00e4t yhdistyksen tarkoituksen ja sen s\u00e4\u00e4nn\u00f6t. Nuorisoj\u00e4seniksi voivat liitty\u00e4 alle 16-vuotiaat henkil\u00f6t, jotka hyv\u00e4ksyv\u00e4t yhdistyksen tarkoituksen ja sen s\u00e4\u00e4nn\u00f6t. Kannatusj\u00e4seniksi voivat liitty\u00e4 yksityiset henkil\u00f6t, jotka haluavat tukea yhdistyksen toimintaa. J\u00e4senet hyv\u00e4ksyy hakemuksesta yhdistyksen hallitus. Hallitus voi ev\u00e4t\u00e4 j\u00e4seneksi p\u00e4\u00e4semisen ilman perusteluita.&nbsp;<\/p>\n\n\n\n<p>Yhdistyksen varsinanen j\u00e4sen on velvollinen edustamaan Rauman VauhtiTassut ry:t\u00e4 virallisissa ja ep\u00e4virallisissa kilpailuissa. Yhdistyksen varsinainen j\u00e4sen on velvollinen osallistumaan ensisijaisesti Rauman VauhtiTassut ry:n edustusjoukkueeseen.&nbsp;<\/p>\n\n\n\n<p>Yhdistyksen nuorisoj\u00e4sen on velvollinen edustamaan Rauman VauhtiTassut ry:t\u00e4 virallisissa ja ep\u00e4virallisissa kilpailuissa. Yhdistyksen nuorisoj\u00e4sen on velvollinen osallistumaan ensisijaisesti Rauman VauhtiTassut ry:n edustusjoukkueeseen.&nbsp;<\/p>\n\n\n\n<p>Kaikki edustuspoikkeukset on anottava hallitukselta tai hallituksen m\u00e4\u00e4r\u00e4\u00e4m\u00e4lt\u00e4 taholta kirjallisesti.&nbsp;<\/p>\n\n\n\n<p><strong>4. \u00a7 J\u00c4SENEN EROAMINEN JA EROTTAMINEN<\/strong>&nbsp;<\/p>\n\n\n\n<p>J\u00e4senell\u00e4 on oikeus erota yhdistyksest\u00e4 ilmoittamalla siit\u00e4 kirjallisesti hallitukselle tai sen puheenjohtajalle taikka ilmoittamalla erosta yhdistyksen kokouksessa merkitt\u00e4v\u00e4ksi p\u00f6yt\u00e4kirjaan.&nbsp;<\/p>\n\n\n\n<p>Hallitus voi erottaa j\u00e4senen yhdistyksest\u00e4, jos j\u00e4sen on j\u00e4tt\u00e4nyt er\u00e4\u00e4ntyneen j\u00e4senmaksunsa maksamatta tai muuten j\u00e4tt\u00e4nyt t\u00e4ytt\u00e4m\u00e4tt\u00e4 ne velvoitukset, joihin h\u00e4n on yhdistykseen liittym\u00e4ll\u00e4 sitoutunut tai on menettelyll\u00e4\u00e4n yhdistyksess\u00e4 tai sen ulkopuolella huomattavasti vahingoittanut yhdistyst\u00e4 tai ei en\u00e4\u00e4 t\u00e4yt\u00e4 laissa taikka yhdistyksen s\u00e4\u00e4nn\u00f6iss\u00e4 mainittua j\u00e4senyyden ehtoja.&nbsp;<\/p>\n\n\n\n<p><strong>5. \u00a7 J\u00c4SENMAKSU<\/strong>&nbsp;<\/p>\n\n\n\n<p>Varsinaiselta, nuoriso- ja kannatusj\u00e4senelt\u00e4 peritt\u00e4v\u00e4n vuotuisen j\u00e4senmaksun suuruudesta erikseen kullekin j\u00e4senryhm\u00e4lle p\u00e4\u00e4tt\u00e4\u00e4 vuosikokous. Vuosikokouksessa 2013 p\u00e4\u00e4tettiin, ett\u00e4 vuosikokouksessa p\u00e4\u00e4tet\u00e4\u00e4n my\u00f6s seuraavan toimintakauden j\u00e4senmaksun suuruus.&nbsp;<\/p>\n\n\n\n<p><strong>6. \u00a7 HALLITUS<\/strong>&nbsp;<\/p>\n\n\n\n<p>Yhdistyksen asioita hoitaa hallitus, johon kuuluu vuodeksi kerrallaan vuosikokouksessa valittu puheenjohtaja ja kaksi &#8211; viisi (2-5) varsinaista j\u00e4sent\u00e4.&nbsp;<\/p>\n\n\n\n<p>Hallitus valitsee keskuudestaan varapuheenjohtajan sek\u00e4 ottaa keskuudestaan tai sen ulkopuolelta sihteerin, rahastonhoitajan ja muut tarvittavat toimihenkil\u00f6t.&nbsp;<\/p>\n\n\n\n<p>Hallitus kokoontuu puheenjohtajan tai h\u00e4nen estyneen\u00e4 ollessaan varapuheenjohtajan kutsusta, kun he katsovat siihen olevan aihetta tai kun v\u00e4hint\u00e4\u00e4n puolet hallituksen j\u00e4senist\u00e4 sit\u00e4 vaatii.&nbsp;<\/p>\n\n\n\n<p>Hallitus on p\u00e4\u00e4t\u00f6svaltainen, kun puolet (1\/2) sen j\u00e4senist\u00e4 ja lis\u00e4ksi puheenjohtaja tai varapuheenjohtaja ovat l\u00e4sn\u00e4.&nbsp;<\/p>\n\n\n\n<p>Kaikki \u00e4\u00e4nestykset, joista ei erikseen ole s\u00e4\u00e4detty, ratkaistaan yksinkertaisella \u00e4\u00e4nten enemmist\u00f6ll\u00e4. \u00c4\u00e4nten menness\u00e4 tasan ratkaisee puheenjohtajan \u00e4\u00e4ni, vaaleissa kuitenkin arpa.&nbsp;<\/p>\n\n\n\n<p>Hallituksen teht\u00e4v\u00e4n\u00e4 on edustaa yhdistyst\u00e4, tehd\u00e4 sitoumuksia, vastata yhdistyksen puolesta, valvoa yhdistyksen ja sen j\u00e4senten toimintaa, pit\u00e4\u00e4 j\u00e4senluetteloa, s\u00e4\u00e4nt\u00f6jen mukaisesti hoitaa yhdistyksen asioita sek\u00e4 vastata yhdistyksen varojen hoidosta. Hallituksella on my\u00f6s tiedotusvelvollisuus j\u00e4senille.&nbsp;<\/p>\n\n\n\n<p><strong>7. \u00a7 YHDISTYKSEN NIMEN KIRJOITTAMINEN<\/strong>&nbsp;<\/p>\n\n\n\n<p>Yhdistyksen nimenkirjoitusoikeus on puheenjohtajalla yksin tai varapuheenjohtajalla yhdess\u00e4 sihteerin tai rahastonhoitajan kanssa.&nbsp;<\/p>\n\n\n\n<p><strong>8. \u00a7 TILIKAUSI JA TILINTARKASTUS<\/strong>&nbsp;<\/p>\n\n\n\n<p>Yhdistyksen tilikausi on kalenterivuosi.&nbsp;<\/p>\n\n\n\n<p>Tilinp\u00e4\u00e4t\u00f6s tarvittavine asiakirjoineen ja hallituksen vuosikertomus on annettava toiminnantarkastajille tai tilintarkastajille viimeist\u00e4\u00e4n kuukautta ennen vuosikokousta. Toiminnantarkastajien tai tilintarkastajien tulee antaa kirjallinen lausuntonsa viimeist\u00e4\u00e4n kaksi (2) viikkoa ennen vuosikokousta hallitukselle.&nbsp;<\/p>\n\n\n\n<p><strong>9. \u00a7 YHDISTYKSEN KOKOUKSET<\/strong>&nbsp;<\/p>\n\n\n\n<p>Yhdistys pit\u00e4\u00e4 vuosittain yhden (1) varsinaisen kokouksen.&nbsp;<\/p>\n\n\n\n<p>Yhdistyksen vuosikokous pidet\u00e4\u00e4n tammi-maaliskuussa hallituksen m\u00e4\u00e4r\u00e4\u00e4m\u00e4n\u00e4 p\u00e4iv\u00e4n\u00e4.&nbsp;<\/p>\n\n\n\n<p>Ylim\u00e4\u00e4r\u00e4inen kokous pidet\u00e4\u00e4n, kun yhdistyksen kokous niin p\u00e4\u00e4tt\u00e4\u00e4 tai kun hallitus katsoo siihen olevan aihetta tai kun kymmenesosa (1\/10) yhdistyksen \u00e4\u00e4nioikeutetuista j\u00e4senist\u00e4 sit\u00e4 hallitukselta erityisesti ilmoitettua asiaa varten kirjallisesti vaativat. Kokous on pidett\u00e4v\u00e4 kolmenkymmenen (30) vuorokauden kuluessa siit\u00e4, kun vaatimus sen pit\u00e4misest\u00e4 on esitetty hallitukselle.&nbsp;<\/p>\n\n\n\n<p>Yhdistyksen kokouksissa on jokaisella varsinaisella j\u00e4senell\u00e4 yksi (1) \u00e4\u00e4ni. Lis\u00e4ksi \u00e4\u00e4nivaltainen j\u00e4sen voi edustaa valtakirjalla enint\u00e4\u00e4n kahta (2) yhdistyksen \u00e4\u00e4nivaltaista j\u00e4sent\u00e4. Nuorisoj\u00e4senell\u00e4 ja kannatusj\u00e4senell\u00e4 on l\u00e4sn\u00e4olo- ja puheoikeus kokouksissa.&nbsp;<\/p>\n\n\n\n<p>Yhdistyksen kokouksen p\u00e4\u00e4t\u00f6kseksi tulee, ellei s\u00e4\u00e4nn\u00f6iss\u00e4 ole toisin m\u00e4\u00e4r\u00e4tty, se mielipide, jota on kannattanut yli puolet (1\/2) annetuista \u00e4\u00e4nist\u00e4.&nbsp;<\/p>\n\n\n\n<p>\u00c4\u00e4nten menness\u00e4 tasan ratkaisee kokouksen puheenjohtajan \u00e4\u00e4ni, vaaleissa<\/p>\n\n\n\n<p>kuitenkin arpa.&nbsp;<\/p>\n\n\n\n<p>Jos joku l\u00e4sn\u00e4 olevista vaatii, tulee vaalin tapahtua suljettuna lippu\u00e4\u00e4nestyksen\u00e4.&nbsp;<\/p>\n\n\n\n<p><strong>10. \u00a7 YHDISTYKSEN KOKOUSTEN KOOLLEKUTSUMINEN<\/strong>&nbsp;<\/p>\n\n\n\n<p>Hallituksen on kutsuttava yhdistyksen kokoukset koolle v\u00e4hint\u00e4\u00e4n seitsem\u00e4n (7) vuorokautta ennen kokousta j\u00e4senille postitetuilla kirjeill\u00e4, yhdistyksen kotipaikkakunnalla ilmestyv\u00e4ss\u00e4 sanomalehdess\u00e4 tai s\u00e4hk\u00f6postiviestill\u00e4 j\u00e4senen ilmoittamaan s\u00e4hk\u00f6postiosoitteeseen. Kutsussa on mainittava kokouksessa k\u00e4sitelt\u00e4v\u00e4ksi tulevat asiat.&nbsp;<\/p>\n\n\n\n<p><strong>11. \u00a7 VARSINAISET KOKOUKSET<\/strong>&nbsp;<\/p>\n\n\n\n<p>Yhdistyksen vuosikokouksessa k\u00e4sitell\u00e4\u00e4n seuraavat asiat:&nbsp;<\/p>\n\n\n\n<p>1. Kokouksen avaus&nbsp;<\/p>\n\n\n\n<p>2. Valitaan kokouksen puheenjohtaja, sihteeri, kaksi (2) p\u00f6yt\u00e4kirjantarkastajaa ja tarvittaessa kaksi (2) \u00e4\u00e4ntenlaskijaa&nbsp;<\/p>\n\n\n\n<p>3. Todetaan kokouksen laillisuus ja p\u00e4\u00e4t\u00f6svaltaisuus&nbsp;<\/p>\n\n\n\n<p>4. Hyv\u00e4ksyt\u00e4\u00e4n kokouksen esityslista&nbsp;<\/p>\n\n\n\n<p>5. Esitet\u00e4\u00e4n tilinp\u00e4\u00e4t\u00f6s, hallituksen laatima vuosikertomus ja toiminnantarkastajien tai tilintarkastajien lausunto&nbsp;<\/p>\n\n\n\n<p>6. P\u00e4\u00e4tet\u00e4\u00e4n tilinp\u00e4\u00e4t\u00f6ksen vahvistamisesta ja vastuuvapauden my\u00f6nt\u00e4misest\u00e4 hallitukselle ja muille vastuuvelvollisille&nbsp;<\/p>\n\n\n\n<p>7. Vahvistetaan toimintasuunnitelma, tulo- ja menoarvio sek\u00e4 j\u00e4senmaksujen suuruudet seuraavalle kalenterivuodelle&nbsp;<\/p>\n\n\n\n<p>8. Valitaan hallituksen puheenjohtaja sek\u00e4 muut j\u00e4senet&nbsp;<\/p>\n\n\n\n<p>9. Valitaan yksi (1) toiminnantarkastaja tai tilintarkastaja ja yksi (1) varahenkil\u00f6&nbsp;<\/p>\n\n\n\n<p>10. K\u00e4sitell\u00e4\u00e4n kokouskutsussa mainitut muut asiat&nbsp;<\/p>\n\n\n\n<p>Mik\u00e4li yhdistyksen j\u00e4sen haluaa saada jonkin asian yhdistyksen vuosikokouksen k\u00e4sitelt\u00e4v\u00e4ksi, on h\u00e4nen siit\u00e4 kirjallisesti ilmoitettava niin hyviss\u00e4 ajoin, ett\u00e4 asia voidaan sis\u00e4llytt\u00e4\u00e4 kokouskutsuun.&nbsp;<\/p>\n\n\n\n<p><strong>12. \u00a7 S\u00c4\u00c4NT\u00d6JEN MUUTTAMINEN JA YHDISTYKSEN PURKAMINEN<\/strong>&nbsp;<\/p>\n\n\n\n<p>P\u00e4\u00e4t\u00f6s s\u00e4\u00e4nt\u00f6jen muuttamisesta tai yhdistyksen purkamisesta on teht\u00e4v\u00e4 yhdistyksen kokouksessa v\u00e4hint\u00e4\u00e4n kolmen nelj\u00e4sosan (3\/4) enemmist\u00f6ll\u00e4 annetuista \u00e4\u00e4nist\u00e4. Kokouskutsussa on mainittava s\u00e4\u00e4nt\u00f6jen muuttamisesta tai yhdistyksen purkamisesta.&nbsp;<\/p>\n\n\n\n<p>Yhdistyksen purkautuessa k\u00e4ytet\u00e4\u00e4n yhdistyksen varat yhdistyksen tarkoituksen edist\u00e4miseen purkamisesta p\u00e4\u00e4tt\u00e4v\u00e4n kokouksen m\u00e4\u00e4r\u00e4\u00e4m\u00e4ll\u00e4 tavalla. Yhdistyksen tullessa lakkautetuksi siirret\u00e4\u00e4n varat vastaavan rekister\u00f6idyn yhdistyksen k\u00e4ytt\u00f6\u00f6n tai el\u00e4insuojelulliseen tarkoitukseen.&nbsp;<\/p>\n\n\n\n<p><strong>13. \u00a7 MUUT S\u00c4\u00c4NN\u00d6T<\/strong>&nbsp;<\/p>\n\n\n\n<p>Sen lis\u00e4ksi, mit\u00e4 n\u00e4iss\u00e4 s\u00e4\u00e4nn\u00f6iss\u00e4 on m\u00e4\u00e4r\u00e4tty, noudatetaan voimassa olevan yhdistyslain m\u00e4\u00e4r\u00e4yksi\u00e4. Tarpeen vaatiessa voi yhdistyksen kokous n\u00e4iden s\u00e4\u00e4nt\u00f6jen ja yhdistyslain puitteissa vahvistaa noudatettaviksi yhdistyksen sis\u00e4ist\u00e4 toimintaa koskevia s\u00e4\u00e4d\u00f6ksi\u00e4.&nbsp;<\/p>\n","protected":false},"excerpt":{"rendered":"<p>RAUMAN VAUHTITASSUT RY &#8211; S\u00c4\u00c4NN\u00d6T&nbsp; 1. \u00a7 YHDISTYKSEN NIMI JA KOTIPAIKKA&nbsp; Yhdistyksen nimi on Rauman VauhtiTassut ry (ep\u00e4virallinen lyhenne RATA) ja sen kotipaikka on Rauma.&nbsp; Yhdistys voi pyrki\u00e4 j\u00e4senyhdistykseksi tarkoituksensa ja toimintansa mukaisiin yhdistyksiin kuten Suomen Kennelliitto &#8211; Finska Kennelklubben r.y:hyn ja sen alaisiin yhdistyksiin tai liittoihin. Yhdistys voi tarvittaessa liitty\u00e4 my\u00f6s valtakunnallisiin urheiluj\u00e4rjest\u00f6ihin tai [&hellip;]<\/p>\n","protected":false},"author":1,"featured_media":0,"parent":0,"menu_order":0,"comment_status":"closed","ping_status":"closed","template":"","meta":{"hide_page_title":"enabled","footnotes":""},"class_list":["post-51","page","type-page","status-publish","hentry"],"_links":{"self":[{"href":"https:\/\/raumanvauhtitassut.fi\/index.php?rest_route=\/wp\/v2\/pages\/51","targetHints":{"allow":["GET"]}}],"collection":[{"href":"https:\/\/raumanvauhtitassut.fi\/index.php?rest_route=\/wp\/v2\/pages"}],"about":[{"href":"https:\/\/raumanvauhtitassut.fi\/index.php?rest_route=\/wp\/v2\/types\/page"}],"author":[{"embeddable":true,"href":"https:\/\/raumanvauhtitassut.fi\/index.php?rest_route=\/wp\/v2\/users\/1"}],"replies":[{"embeddable":true,"href":"https:\/\/raumanvauhtitassut.fi\/index.php?rest_route=%2Fwp%2Fv2%2Fcomments&post=51"}],"version-history":[{"count":7,"href":"https:\/\/raumanvauhtitassut.fi\/index.php?rest_route=\/wp\/v2\/pages\/51\/revisions"}],"predecessor-version":[{"id":219,"href":"https:\/\/raumanvauhtitassut.fi\/index.php?rest_route=\/wp\/v2\/pages\/51\/revisions\/219"}],"wp:attachment":[{"href":"https:\/\/raumanvauhtitassut.fi\/index.php?rest_route=%2Fwp%2Fv2%2Fmedia&parent=51"}],"curies":[{"name":"wp","href":"https:\/\/api.w.org\/{rel}","templated":true}]}}