{"id":79,"date":"2023-02-13T11:11:46","date_gmt":"2023-02-13T11:11:46","guid":{"rendered":"https:\/\/raumanvauhtitassut.fi\/?page_id=79"},"modified":"2024-02-29T11:21:06","modified_gmt":"2024-02-29T08:21:06","slug":"__trashed-3","status":"publish","type":"page","link":"https:\/\/raumanvauhtitassut.fi\/?page_id=79","title":{"rendered":"Ulkokentt\u00e4"},"content":{"rendered":"\n<div class=\"wp-block-cover alignfull\" style=\"min-height:457px;aspect-ratio:unset;\"><span aria-hidden=\"true\" class=\"wp-block-cover__background has-secondary-background-color has-background-dim-60 has-background-dim\"><\/span><img loading=\"lazy\" decoding=\"async\" width=\"2277\" height=\"766\" class=\"wp-block-cover__image-background wp-image-117\" alt=\"Agility koirat Rauma\" src=\"https:\/\/raumanvauhtitassut.fi\/wp-content\/uploads\/2023\/02\/3H1A0812.jpg\" style=\"object-position:49% 68%\" data-object-fit=\"cover\" data-object-position=\"49% 68%\" srcset=\"https:\/\/raumanvauhtitassut.fi\/wp-content\/uploads\/2023\/02\/3H1A0812.jpg 2277w, https:\/\/raumanvauhtitassut.fi\/wp-content\/uploads\/2023\/02\/3H1A0812-300x101.jpg 300w, https:\/\/raumanvauhtitassut.fi\/wp-content\/uploads\/2023\/02\/3H1A0812-1024x344.jpg 1024w, https:\/\/raumanvauhtitassut.fi\/wp-content\/uploads\/2023\/02\/3H1A0812-768x258.jpg 768w, https:\/\/raumanvauhtitassut.fi\/wp-content\/uploads\/2023\/02\/3H1A0812-1536x517.jpg 1536w, https:\/\/raumanvauhtitassut.fi\/wp-content\/uploads\/2023\/02\/3H1A0812-2048x689.jpg 2048w\" sizes=\"auto, (max-width: 2277px) 100vw, 2277px\" \/><div class=\"wp-block-cover__inner-container is-layout-flow wp-block-cover-is-layout-flow\">\n<p class=\"has-text-align-center\" style=\"font-size:50px\">ULKOKENTT\u00c4<\/p>\n<\/div><\/div>\n\n\n\n<p>Yhdistyksen harjoittelukentt\u00e4 sijaitsee Raumalla, Kisa-Helist\u00f6ll\u00e4, Monnanlammen l\u00e4hell\u00e4. Kentt\u00e4 on jaettu kahteen osioon, joista toinen alue on aidattu agilityharjoittelua varten, <\/p>\n\n\n\n<p>ja toista kentt\u00e4\u00e4 voi k\u00e4ytt\u00e4\u00e4 samaan aikaan muuhun toimintaan.<\/p>\n\n\n\n<div style=\"height:100px\" aria-hidden=\"true\" class=\"wp-block-spacer\"><\/div>\n\n\n\t\t<div id=\"wpmapblock_ae7c845f\" data-settings='{&quot;map_marker&quot;:[{&quot;lat&quot;:&quot;61.104445&quot;,&quot;lng&quot;:&quot;21.548896&quot;,&quot;title&quot;:&quot;Rauman VauhtiTassut&quot;,&quot;content&quot;:&quot;&quot;,&quot;iconType&quot;:&quot;default&quot;,&quot;customIconUrl&quot;:&quot;&quot;,&quot;customIconWidth&quot;:&quot;25&quot;,&quot;customIconHeight&quot;:&quot;40&quot;}],&quot;map_zoom&quot;:10,&quot;scroll_wheel_zoom&quot;:false,&quot;map_type&quot;:&quot;GM&quot;,&quot;center_index&quot;:0}' class=\"wpmapblockrender\" style=\"\n\t\t\twidth: 100%;\n\t\t\theight: 500px;\n\t\t\"><\/div>\n        ","protected":false},"excerpt":{"rendered":"<p>Yhdistyksen harjoittelukentt\u00e4 sijaitsee Raumalla, Kisa-Helist\u00f6ll\u00e4, Monnanlammen l\u00e4hell\u00e4. Kentt\u00e4 on jaettu kahteen osioon, joista toinen alue on aidattu agilityharjoittelua varten, ja toista kentt\u00e4\u00e4 voi k\u00e4ytt\u00e4\u00e4 samaan aikaan muuhun toimintaan.<\/p>\n","protected":false},"author":1,"featured_media":0,"parent":0,"menu_order":0,"comment_status":"closed","ping_status":"closed","template":"","meta":{"hide_page_title":"enabled","footnotes":""},"class_list":["post-79","page","type-page","status-publish","hentry"],"_links":{"self":[{"href":"https:\/\/raumanvauhtitassut.fi\/index.php?rest_route=\/wp\/v2\/pages\/79","targetHints":{"allow":["GET"]}}],"collection":[{"href":"https:\/\/raumanvauhtitassut.fi\/index.php?rest_route=\/wp\/v2\/pages"}],"about":[{"href":"https:\/\/raumanvauhtitassut.fi\/index.php?rest_route=\/wp\/v2\/types\/page"}],"author":[{"embeddable":true,"href":"https:\/\/raumanvauhtitassut.fi\/index.php?rest_route=\/wp\/v2\/users\/1"}],"replies":[{"embeddable":true,"href":"https:\/\/raumanvauhtitassut.fi\/index.php?rest_route=%2Fwp%2Fv2%2Fcomments&post=79"}],"version-history":[{"count":12,"href":"https:\/\/raumanvauhtitassut.fi\/index.php?rest_route=\/wp\/v2\/pages\/79\/revisions"}],"predecessor-version":[{"id":311,"href":"https:\/\/raumanvauhtitassut.fi\/index.php?rest_route=\/wp\/v2\/pages\/79\/revisions\/311"}],"wp:attachment":[{"href":"https:\/\/raumanvauhtitassut.fi\/index.php?rest_route=%2Fwp%2Fv2%2Fmedia&parent=79"}],"curies":[{"name":"wp","href":"https:\/\/api.w.org\/{rel}","templated":true}]}}